0
In base 6, what is -1 - -224?
223
In base 16, what is 0 - 9cd?
-9cd
In base 14, what is -2 + 4cc?
4ca
In base 11, what is 130 + 2?
132
In base 11, what is a - -132?
141
In base 12, what is -1196 + 5?
-1191
In base 4, what is -21021 + 2?
-21013
In base 2, what is 100101101 + 1000?
100110101
In base 13, what is -5 - -102?
ca
In base 2, what is -10 + 11011?
11001
In base 3, what is 20 - 122?
-102
In base 12, what is 1246a + 5?
12473
In base 3, what is -12 - -10002?
2220
In base 4, what is -22 + 222?
200
In base 7, what is -322 - 6?
-331
In base 7, what is -2250 + 4?
-2243
In base 13, what is -26 - -4?
-22
In base 11, what is 1792 + 5?
1797
In base 11, what is -a - 886?
-895
In base 2, what is 101 - 1110000?
-1101011
In base 2, what is 100 + 100011011?
100011111
In base 5, what is -1222213 + 1?
-1222212
In base 15, what is -3 - 82?
-85
In base 2, what is -1110111110111111 + 11?
-1110111110111100
In base 2, what is 100010011 - 10?
100010001
In base 9, what is 23 + 26?
50
In base 10, what is -443 - 4?
-447
In base 16, what is -15 - 12?
-27
In base 3, what is -10 + -121?
-201
In base 10, what is -25 + -1?
-26
In base 14, what is -41 + -1b4?
-215
In base 13, what is 14 + -b3?
-9c
In base 10, what is 109 + 24?
133
In base 9, what is 3 - 60?
-56
In base 2, what is 100 - 11101001100?
-11101001000
In base 3, what is -1202 + -101?
-2010
In base 4, what is 1232 - 22?
1210
In base 6, what is 11034 + -3?
11031
In base 8, what is -10216 + 4?
-10212
In base 16, what is -3f2d - -4?
-3f29
In base 7, what is -201666 + 0?
-201666
In base 2, what is 111100111 - 11?
111100100
In base 16, what is 145 + -1?
144
In base 13, what is -32 + 2?
-30
In base 16, what is 1c - -6?
22
In base 16, what is 4 - f7a?
-f76
In base 11, what is -576 - -3?
-573
In base 4, what is -213133 - 100?
-213233
In base 4, what is 1 + -1022?
-1021
In base 3, what is -12220 - -11?
-12202
In base 9, what is 4 - -5501?
5505
In base 9, what is 4 + -6418?
-6414
In base 15, what is 2a + 1?
2b
In base 11, what is -25 + -2?
-27
In base 6, what is 54 - 3?
51
In base 5, what is 110 + -221?
-111
In base 4, what is 200 - -1?
201
In base 7, what is 12 - -5?
20
In base 5, what is -3212 - -3?
-3204
In base 10, what is -91 + -88?
-179
In base 8, what is 5 + 112?
117
In base 3, what is 12222 + -11?
12211
In base 3, what is -112220202 + 12?
-112220120
In base 14, what is 75 + -18?
5b
In base 7, what is 335 - 10?
325
In base 12, what is -3657 - 1?
-3658
In base 13, what is -3 + -20?
-23
In base 11, what is -151 - -4?
-148
In base 10, what is -30 + -4?
-34
In base 5, what is 4300 + 4?
4304
In base 9, what is 5 - -262?
267
In base 15, what is -20 + -b?
-2b
In base 15, what is 263 + 1b?
27e
In base 2, what is -1 - -111101?
111100
In base 7, what is -5 + -11?
-16
In base 4, what is 311 - 11?
300
In base 10, what is -1667 - -1?
-1666
In base 14, what is 671 + 3?
674
In base 15, what is -440 - 4?
-444
In base 4, what is -2 - 21103?
-21111
In base 5, what is 13 + -302?
-234
In base 7, what is -3 - 66?
-102
In base 11, what is a - 760?
-751
In base 6, what is 1331 - 10?
1321
In base 13, what is -28 - 6?
-31
In base 5, what is -414 + 0?
-414
In base 14, what is -5450 + 0?
-5450
In base 9, what is -6 + 1?
-5
In base 4, what is -1323 + 3?
-1320
In base 12, what is -6 - 21a?
-224
In base 14, what is 2470 + 4?
2474
In base 13, what is 38 + -26?
12
In base 2, what is -100 + 1010001?
1001101
In base 14, what is -48 - -302?
298
In base 12, what is -158 - -b?
-149
In base 6, what is -331 - -11?
-320
In base 6, what is 104123 + -5?
104114
In base 7, what is -162 - -13?
-146
In base 3, what is -10111 + 2?
-10102
In base 10, what is 5 - 21?
-16
In base 6, what is -2432 - 0?
-2432
In base 7, what is -153 - 52?
-235
In base 3, what is -12 + -2220?
-10002
In base 8, what is -1 - -5243?
5242
In base 2, what is 10 + 100100001?
100100011
In base 8, what is 67 - 26?
41
In base 15, what is 2 - -206?
208
In base 15, what is -109 - e?
-118
In base 9, what is 1 + 2330?
2331
In base 7, what is 13 + 1225?
1241
In base 8, what is 4 + -77?
-73
In base 16, what is 36 + -f?
27
In base 6, what is -200 + 320?
120
In base 13, what is -288 + b?
-27a
In base 4, what is -213 + 10?
-203
In base 9, what is -270 - -25?
-244
In base 9, what is 4611 - 2?
4608
In base 5, what is -2441 - 1?
-2442
In base 5, what is -10 + -201?
-211
In base 16, what is -3 + 104?
101
In base 9, what is -5 + 3615?
3610
In base 2, what is -100011001 + 11?
-100010110
In base 3, what is 201 + 11?
212
In base 6, what is 430 - 2?
424
In base 8, what is -41 + -63?
-124
In base 16, what is -5 - 155?
-15a
In base 2, what is 1011 + 10101?
100000
In base 5, what is 10 - 33030?
-33020
In base 10, what is 18 + 3?
21
In base 4, what is 20232 + -10?
20222
In base 9, what is 14 - 22?
-7
In base 7, what is -34 + 12?
-22
In base 12, what is -49 + 17?
-32
In base 8, what is -25 - 20?
-45
In base 9, what is 73 + -8?
64
In base 12, what is -7a2 + 4?
-79a
In base 16, what is -2 - -25?
23
In base 14, what is -b5 - -3?
-b2
In base 16, what is 19 - 4a?
-31
In base 5, what is -3034 + -12?
-3101
In base 6, what is 0 + -23200?
-23200
In base 9, what is 5 - 1265?
-1260
In base 13, what is -649 - -2?
-647
In base 8, what is -2 - -464?
462
In base 14, what is -42 + -3?
-45
In base 6, what is -3 - 100?
-103
In base 16, what is -20 + -1?
-21
In base 11, what is -21 - 24?
-45
In base 8, what is -10265 + 0?
-10265
In base 4, what is 12012 - 11?
12001
In base 9, what is -45 + 4?
-41
In base 12, what is -5 - a2a?
-a33
In base 4, what is 230332 + -1?
230331
In base 8, what is 3 + 26?
31
In base 7, what is 131 + 42?
203
In base 13, what is 5 + -121?
-119
In base 6, what is 45 - 14?
31
In base 14, what is -287 - 3?
-28a
In base 10, what is 1 - -702?
703
In base 6, what is -54 - -1334?
1240
In base 5, what is 120 - -12?
132
In base 12, what is 135 - 1?
134
In base 14, what is -95 + -4?
-99
In base 7, what is 246 - 2?
244
In base 11, what is 1 - 2112?
-2111
In base 13, what is 844b - -4?
8452
In base 13, what is -16a + 1?
-169
In base 7, what is 4 + -2060?
-2053
In base 6, what is -20 + -21?
-41
In base 2, what is -1101 + -1100?
-11001
In base 16, what is 53cb - 3?
53c8
In base 11, what is -6 + 86?
80
In base 4, what is -10 + -3032?
-3102
In base 5, what is -11 - 1200?
-1211
In base 10, what is 10 + 340?
350
In base 2, what is -11100 - -11?
-11001
In base 10, what is 439 + 19?
458
In base 10, what is -119 + 2?
-117
In base 8, what is -12503 - -2?
-12501
In base 15, what is 53cd + 0?
53cd
In base 7, what is -6215 + 5?
-6210
In base 4, what is 1131101 - 1?
1131100
In base 2, what is -1000 + -100000010?
-100001010
In base 15, what is 2e9 - -5?
2ee
In base 11, what is -2 + -111?
-113
In base 2, what is -100101111 + 100?
-100101011
In base 6, what is 5 - 1245?
-1240
In base 9, what is -3 - 33?
-36
In base 2, what is -10111 + 10000001?
1101010
In base 11, what is 14 - 109?
-a5
In base 14, what is 4 - -46?
4a
In base 10, what is 174 + -5?
169
In base 11, what is 2 + a62?
a64
In base 7, what is -4 + -5610?
-5614
In base 7, what is 42 + 62?
134
In base 10, what is 2 + -213?
-211
In base 6, what is 3 - -101?
104
In base 9, what is -17 - 84?
-112
In base 3, what is -22 - -101?
2
In base 7, what is 2 - -144?
146
In base 10, what is -4817 - -1?
-4816
In base 3, what is -12 - 102010?
-102022
In base 2, what is -10 + 11010?
11000
In base 9, what is 5 + -4?
1
In base 5, what is -4 - 100234?
-100243
In base 5, what is 1 + -1234?
-1233
In base 13, what is 34 + -48?
-14
In base 11, what is 97 + 1?
98
In base 13, what is 177 - 2?
175
In base 5, what is 4212 + -2?
4210
In base 4, what is -210 + 330?
120
In base 15, what is 1 - -4a?
4b
In base 4, what is 12 + 113313?
113331
In base 9, what is 43 + 3?
46
In base 13, what is 2b62 - -4?
2b66
In base 3, what is 10202 - 101?
10101
In base 3, what is 1012102001 + 12?
1012102020
In base 2, what is 110101100 - 1011?
110100001
In base 16, what is -20d + 2?
-20b
In base 11, what is -16 + 23?
8
In base 5, what is 334 + 0?
334
In base 11, what is 5a + -15?
45
In base 3, what is 1210202 + 0?
1210202
In base 12, what is -150 + 4?
-148
In base 2, what is -1001 + 10001000?
1111111
In base 7, what is -5 + 10?
2
In base 11, what is 245 - -2?
247
In base 13, what is 44 + -42?
2
In base 8, what is -67 + -41?